{"id":62,"date":"2022-06-19T15:54:48","date_gmt":"2022-06-19T13:54:48","guid":{"rendered":"https:\/\/prix-tournesol-avignon.fr\/?page_id=62"},"modified":"2022-06-25T22:28:23","modified_gmt":"2022-06-25T20:28:23","slug":"pt-2021","status":"publish","type":"page","link":"https:\/\/prix-tournesol-avignon.fr\/?page_id=62","title":{"rendered":"PT 2021"},"content":{"rendered":"\n<h2 class=\"has-background-background-color has-background wp-block-heading\">Grand Prix Tournesol 2021                         <\/h2>\n\n\n\n<p>Le Prix Tournesol 2021 se tenait cette ann\u00e9e dans une formule resserr\u00e9e (moins de jur\u00e9.e.s, moins de spectacles s\u00e9lectionn\u00e9s, participation financi\u00e8re personnelle plus importante des dits jur\u00e9.e.s&#8230;) mais avec toujours la m\u00eame attention pour des spectacles de qualit\u00e9 et mettant en question un ou des enjeux majeurs de la crise \u00e9cologique de notre plan\u00e8te et de notre esp\u00e8ce.&nbsp;<\/p>\n\n\n\n<p>La remise des prix eut lieu le dimanche 25 juillet, sur la p\u00e9niche Espoir, sur la barthelasse&nbsp;<\/p>\n\n\n\n<p>Ci-dessous, les\u202f 7 derniers Spectacles, encore en piste pour le Prix Tournesol 2021 au 20 juillet 2021, puis les 3 gagnants :<\/p>\n\n\n\n<p>Les Doms&nbsp; \/  10 h&nbsp;:    <strong>Home \u2013 morceaux de nature en ruine<\/strong>\u202f &#8211; Cie Wozu\/modul&nbsp;<\/p>\n\n\n\n<p>Espace Alya&nbsp;\/ 21 h 10&nbsp; :  <strong>climax-<\/strong> Cie Zygomatic&nbsp;<\/p>\n\n\n\n<p>LA FACTORY Th de l&rsquo;oulle&nbsp;\/ 16 h 25&nbsp; : <strong>Acid cyprine<\/strong>\u2013<em>Cie Sapiens brushing<\/em>&nbsp;<\/p>\n\n\n\n<p>LA FACTORY Salle Tomasi&nbsp;\/ 20 h 10&nbsp;: <strong>Life on mars &#8211;<\/strong> cie\u202f Thespis&nbsp;<\/p>\n\n\n\n<p>LA FACTORY Chap Antonins&nbsp;\/ <strong><em>11 h 20<\/em><\/strong>&nbsp;: <strong>La fin du monde va bien se passer \u2013 <\/strong>Prod v\u00e9lo rouge&nbsp;<\/p>\n\n\n\n<p>Lascierie&nbsp;\/ 17 h 20&nbsp;:<strong> L&rsquo; Etat contre Nolan <\/strong>&#8211; Cie Darius&nbsp;<\/p>\n\n\n\n<p>La manufacture&nbsp;\/ 19 h 30&nbsp;: <strong>NinaLisa<\/strong>\u202f &#8211; Cie Ferme du Bi\u00e9reau&nbsp;<\/p>\n\n\n\n<p class=\"has-extra-large-font-size\">Les trois laur\u00e9ats Prix Tournesol 2021<\/p>\n\n\n\n<p class=\"has-large-font-size\"><em>Grand Prix Tournesol 2021 :&nbsp;<\/em><\/p>\n\n\n\n<p class=\"has-normal-font-size\"><strong>\u00ab\u00a0L&rsquo;Etat contre Nolan\u00a0\u00bb<\/strong> Cie Darius, texte de Stefano Massini \/ \u00e0 lascierie&nbsp;<\/p>\n\n\n\n<p class=\"has-large-font-size\">\u202f<em>Prix \u00ab\u00a0coup de coeur \u00a0\u00bb du jury :&nbsp;<\/em><\/p>\n\n\n\n<p>\u00ab\u00a0NinaLisa\u00a0\u00bb de Thomas Predour et Isnelle da Silveira \/ \u00e0 la Manufacture&nbsp;<\/p>\n\n\n\n<p class=\"has-large-font-size\"><em>Prix Tournesol climat :&nbsp;<\/em><\/p>\n\n\n\n<p><strong>\u00ab\u00a0la fin du monde va bien se passer\u00a0\u00bb<\/strong> de et par Yvon Martin \/la factory &#8211; chapelle des antonins&nbsp;<\/p>\n\n\n\n<p>Une mention sp\u00e9ciale pour le spectacle <em><strong>Le jour o\u00f9 le jour s&rsquo;arr\u00eata<\/strong>.. \u00e0 l&rsquo;Atypic th\u00e9\u00e2tre, jou\u00e9 \u00e0 11 h 35, et qui est pr\u00e9-s\u00e9lectionn\u00e9 \u00e0 partir de la s\u00e9lection gardoise du Grand Avignon&#8230;..\u202f&nbsp;<\/em>&nbsp;<\/p>\n\n\n\n<figure class=\"wp-block-image size-large\"><img data-recalc-dims=\"1\" fetchpriority=\"high\" decoding=\"async\" width=\"768\" height=\"1024\" src=\"https:\/\/i0.wp.com\/prix-tournesol-avignon.fr\/wp-content\/uploads\/2022\/06\/les-2-parrains-PT-2021.jpg?resize=768%2C1024&#038;ssl=1\" alt=\"\" class=\"wp-image-63\" srcset=\"https:\/\/i0.wp.com\/prix-tournesol-avignon.fr\/wp-content\/uploads\/2022\/06\/les-2-parrains-PT-2021-scaled.jpg?resize=768%2C1024&amp;ssl=1 768w, https:\/\/i0.wp.com\/prix-tournesol-avignon.fr\/wp-content\/uploads\/2022\/06\/les-2-parrains-PT-2021-scaled.jpg?resize=225%2C300&amp;ssl=1 225w, https:\/\/i0.wp.com\/prix-tournesol-avignon.fr\/wp-content\/uploads\/2022\/06\/les-2-parrains-PT-2021-scaled.jpg?resize=1152%2C1536&amp;ssl=1 1152w, https:\/\/i0.wp.com\/prix-tournesol-avignon.fr\/wp-content\/uploads\/2022\/06\/les-2-parrains-PT-2021-scaled.jpg?resize=1536%2C2048&amp;ssl=1 1536w, https:\/\/i0.wp.com\/prix-tournesol-avignon.fr\/wp-content\/uploads\/2022\/06\/les-2-parrains-PT-2021-scaled.jpg?w=1920&amp;ssl=1 1920w\" sizes=\"(max-width: 768px) 100vw, 768px\" \/><figcaption>Les 2 parrains du Prix Tournesol 2021, pr\u00e9sents tous deux \u00e0 la remise des dits prix sur la p\u00e9niche Espoir :&nbsp;<br><strong>Philippe Chuyen,<\/strong> auteur et metteur en sc\u00e8ne des \u00ab\u00a0pieds tanqu\u00e9s\u00a0\u00bb, prix tournesol 2012 centenaire de Jean Vilar&nbsp;<br>\u202fet HK, chanteur, venu sans ses saltimbanques&nbsp;<\/figcaption><\/figure>\n","protected":false},"excerpt":{"rendered":"<p>Grand Prix Tournesol 2021 Le Prix Tournesol 2021 se tenait cette ann\u00e9e dans une formule resserr\u00e9e (moins de jur\u00e9.e.s, moins de spectacles s\u00e9lectionn\u00e9s, participation financi\u00e8re personnelle plus importante des dits jur\u00e9.e.s&#8230;) mais avec toujours la m\u00eame attention pour des spectacles de qualit\u00e9 et mettant en question un ou des enjeux majeurs de la crise \u00e9cologique [&hellip;]<\/p>\n","protected":false},"author":3,"featured_media":0,"parent":0,"menu_order":0,"comment_status":"closed","ping_status":"closed","template":"","meta":{"footnotes":""},"class_list":["post-62","page","type-page","status-publish","hentry"],"yoast_head":"<!-- This site is optimized with the Yoast SEO plugin v26.8 - https:\/\/yoast.com\/product\/yoast-seo-wordpress\/ -->\n<title>PT 2021 - Prix Tournesol<\/title>\n<meta name=\"robots\" content=\"index, follow, max-snippet:-1, max-image-preview:large, max-video-preview:-1\" \/>\n<link rel=\"canonical\" href=\"https:\/\/prix-tournesol-avignon.fr\/?page_id=62\" \/>\n<meta property=\"og:locale\" content=\"fr_FR\" \/>\n<meta property=\"og:type\" content=\"article\" \/>\n<meta property=\"og:title\" content=\"PT 2021 - Prix Tournesol\" \/>\n<meta property=\"og:description\" content=\"Grand Prix Tournesol 2021 Le Prix Tournesol 2021 se tenait cette ann\u00e9e dans une formule resserr\u00e9e (moins de jur\u00e9.e.s, moins de spectacles s\u00e9lectionn\u00e9s, participation financi\u00e8re personnelle plus importante des dits jur\u00e9.e.s&#8230;) mais avec toujours la m\u00eame attention pour des spectacles de qualit\u00e9 et mettant en question un ou des enjeux majeurs de la crise \u00e9cologique [&hellip;]\" \/>\n<meta property=\"og:url\" content=\"https:\/\/prix-tournesol-avignon.fr\/?page_id=62\" \/>\n<meta property=\"og:site_name\" content=\"Prix Tournesol\" \/>\n<meta property=\"article:publisher\" content=\"https:\/\/www.facebook.com\/groups\/133682346653453\" \/>\n<meta property=\"article:modified_time\" content=\"2022-06-25T20:28:23+00:00\" \/>\n<meta property=\"og:image\" content=\"https:\/\/prix-tournesol-avignon.fr\/wp-content\/uploads\/2022\/06\/les-2-parrains-PT-2021-768x1024.jpg\" \/>\n<meta name=\"twitter:card\" content=\"summary_large_image\" \/>\n<meta name=\"twitter:label1\" content=\"Dur\u00e9e de lecture estim\u00e9e\" \/>\n\t<meta name=\"twitter:data1\" content=\"2 minutes\" \/>\n<script type=\"application\/ld+json\" class=\"yoast-schema-graph\">{\"@context\":\"https:\/\/schema.org\",\"@graph\":[{\"@type\":\"WebPage\",\"@id\":\"https:\/\/prix-tournesol-avignon.fr\/?page_id=62\",\"url\":\"https:\/\/prix-tournesol-avignon.fr\/?page_id=62\",\"name\":\"PT 2021 - Prix Tournesol\",\"isPartOf\":{\"@id\":\"https:\/\/prix-tournesol-avignon.fr\/#website\"},\"primaryImageOfPage\":{\"@id\":\"https:\/\/prix-tournesol-avignon.fr\/?page_id=62#primaryimage\"},\"image\":{\"@id\":\"https:\/\/prix-tournesol-avignon.fr\/?page_id=62#primaryimage\"},\"thumbnailUrl\":\"https:\/\/prix-tournesol-avignon.fr\/wp-content\/uploads\/2022\/06\/les-2-parrains-PT-2021-768x1024.jpg\",\"datePublished\":\"2022-06-19T13:54:48+00:00\",\"dateModified\":\"2022-06-25T20:28:23+00:00\",\"breadcrumb\":{\"@id\":\"https:\/\/prix-tournesol-avignon.fr\/?page_id=62#breadcrumb\"},\"inLanguage\":\"fr-FR\",\"potentialAction\":[{\"@type\":\"ReadAction\",\"target\":[\"https:\/\/prix-tournesol-avignon.fr\/?page_id=62\"]}]},{\"@type\":\"ImageObject\",\"inLanguage\":\"fr-FR\",\"@id\":\"https:\/\/prix-tournesol-avignon.fr\/?page_id=62#primaryimage\",\"url\":\"https:\/\/prix-tournesol-avignon.fr\/wp-content\/uploads\/2022\/06\/les-2-parrains-PT-2021-768x1024.jpg\",\"contentUrl\":\"https:\/\/prix-tournesol-avignon.fr\/wp-content\/uploads\/2022\/06\/les-2-parrains-PT-2021-768x1024.jpg\"},{\"@type\":\"BreadcrumbList\",\"@id\":\"https:\/\/prix-tournesol-avignon.fr\/?page_id=62#breadcrumb\",\"itemListElement\":[{\"@type\":\"ListItem\",\"position\":1,\"name\":\"Accueil\",\"item\":\"https:\/\/prix-tournesol-avignon.fr\/\"},{\"@type\":\"ListItem\",\"position\":2,\"name\":\"PT 2021\"}]},{\"@type\":\"WebSite\",\"@id\":\"https:\/\/prix-tournesol-avignon.fr\/#website\",\"url\":\"https:\/\/prix-tournesol-avignon.fr\/\",\"name\":\"Prix Tournesol\",\"description\":\"Les artistes sont des lanceurs d&#039;alerte presque comme les autres...\",\"publisher\":{\"@id\":\"https:\/\/prix-tournesol-avignon.fr\/#organization\"},\"potentialAction\":[{\"@type\":\"SearchAction\",\"target\":{\"@type\":\"EntryPoint\",\"urlTemplate\":\"https:\/\/prix-tournesol-avignon.fr\/?s={search_term_string}\"},\"query-input\":{\"@type\":\"PropertyValueSpecification\",\"valueRequired\":true,\"valueName\":\"search_term_string\"}}],\"inLanguage\":\"fr-FR\"},{\"@type\":\"Organization\",\"@id\":\"https:\/\/prix-tournesol-avignon.fr\/#organization\",\"name\":\"prix tournesol\",\"url\":\"https:\/\/prix-tournesol-avignon.fr\/\",\"logo\":{\"@type\":\"ImageObject\",\"inLanguage\":\"fr-FR\",\"@id\":\"https:\/\/prix-tournesol-avignon.fr\/#\/schema\/logo\/image\/\",\"url\":\"https:\/\/prix-tournesol-avignon.fr\/wp-content\/uploads\/2022\/06\/LOGO-avec-blanc5-HOP-POUR-JL-edited.jpg\",\"contentUrl\":\"https:\/\/prix-tournesol-avignon.fr\/wp-content\/uploads\/2022\/06\/LOGO-avec-blanc5-HOP-POUR-JL-edited.jpg\",\"width\":469,\"height\":646,\"caption\":\"prix tournesol\"},\"image\":{\"@id\":\"https:\/\/prix-tournesol-avignon.fr\/#\/schema\/logo\/image\/\"},\"sameAs\":[\"https:\/\/www.facebook.com\/groups\/133682346653453\"]}]}<\/script>\n<!-- \/ Yoast SEO plugin. -->","yoast_head_json":{"title":"PT 2021 - Prix Tournesol","robots":{"index":"index","follow":"follow","max-snippet":"max-snippet:-1","max-image-preview":"max-image-preview:large","max-video-preview":"max-video-preview:-1"},"canonical":"https:\/\/prix-tournesol-avignon.fr\/?page_id=62","og_locale":"fr_FR","og_type":"article","og_title":"PT 2021 - Prix Tournesol","og_description":"Grand Prix Tournesol 2021 Le Prix Tournesol 2021 se tenait cette ann\u00e9e dans une formule resserr\u00e9e (moins de jur\u00e9.e.s, moins de spectacles s\u00e9lectionn\u00e9s, participation financi\u00e8re personnelle plus importante des dits jur\u00e9.e.s&#8230;) mais avec toujours la m\u00eame attention pour des spectacles de qualit\u00e9 et mettant en question un ou des enjeux majeurs de la crise \u00e9cologique [&hellip;]","og_url":"https:\/\/prix-tournesol-avignon.fr\/?page_id=62","og_site_name":"Prix Tournesol","article_publisher":"https:\/\/www.facebook.com\/groups\/133682346653453","article_modified_time":"2022-06-25T20:28:23+00:00","og_image":[{"url":"https:\/\/prix-tournesol-avignon.fr\/wp-content\/uploads\/2022\/06\/les-2-parrains-PT-2021-768x1024.jpg","type":"","width":"","height":""}],"twitter_card":"summary_large_image","twitter_misc":{"Dur\u00e9e de lecture estim\u00e9e":"2 minutes"},"schema":{"@context":"https:\/\/schema.org","@graph":[{"@type":"WebPage","@id":"https:\/\/prix-tournesol-avignon.fr\/?page_id=62","url":"https:\/\/prix-tournesol-avignon.fr\/?page_id=62","name":"PT 2021 - Prix Tournesol","isPartOf":{"@id":"https:\/\/prix-tournesol-avignon.fr\/#website"},"primaryImageOfPage":{"@id":"https:\/\/prix-tournesol-avignon.fr\/?page_id=62#primaryimage"},"image":{"@id":"https:\/\/prix-tournesol-avignon.fr\/?page_id=62#primaryimage"},"thumbnailUrl":"https:\/\/prix-tournesol-avignon.fr\/wp-content\/uploads\/2022\/06\/les-2-parrains-PT-2021-768x1024.jpg","datePublished":"2022-06-19T13:54:48+00:00","dateModified":"2022-06-25T20:28:23+00:00","breadcrumb":{"@id":"https:\/\/prix-tournesol-avignon.fr\/?page_id=62#breadcrumb"},"inLanguage":"fr-FR","potentialAction":[{"@type":"ReadAction","target":["https:\/\/prix-tournesol-avignon.fr\/?page_id=62"]}]},{"@type":"ImageObject","inLanguage":"fr-FR","@id":"https:\/\/prix-tournesol-avignon.fr\/?page_id=62#primaryimage","url":"https:\/\/prix-tournesol-avignon.fr\/wp-content\/uploads\/2022\/06\/les-2-parrains-PT-2021-768x1024.jpg","contentUrl":"https:\/\/prix-tournesol-avignon.fr\/wp-content\/uploads\/2022\/06\/les-2-parrains-PT-2021-768x1024.jpg"},{"@type":"BreadcrumbList","@id":"https:\/\/prix-tournesol-avignon.fr\/?page_id=62#breadcrumb","itemListElement":[{"@type":"ListItem","position":1,"name":"Accueil","item":"https:\/\/prix-tournesol-avignon.fr\/"},{"@type":"ListItem","position":2,"name":"PT 2021"}]},{"@type":"WebSite","@id":"https:\/\/prix-tournesol-avignon.fr\/#website","url":"https:\/\/prix-tournesol-avignon.fr\/","name":"Prix Tournesol","description":"Les artistes sont des lanceurs d&#039;alerte presque comme les autres...","publisher":{"@id":"https:\/\/prix-tournesol-avignon.fr\/#organization"},"potentialAction":[{"@type":"SearchAction","target":{"@type":"EntryPoint","urlTemplate":"https:\/\/prix-tournesol-avignon.fr\/?s={search_term_string}"},"query-input":{"@type":"PropertyValueSpecification","valueRequired":true,"valueName":"search_term_string"}}],"inLanguage":"fr-FR"},{"@type":"Organization","@id":"https:\/\/prix-tournesol-avignon.fr\/#organization","name":"prix tournesol","url":"https:\/\/prix-tournesol-avignon.fr\/","logo":{"@type":"ImageObject","inLanguage":"fr-FR","@id":"https:\/\/prix-tournesol-avignon.fr\/#\/schema\/logo\/image\/","url":"https:\/\/prix-tournesol-avignon.fr\/wp-content\/uploads\/2022\/06\/LOGO-avec-blanc5-HOP-POUR-JL-edited.jpg","contentUrl":"https:\/\/prix-tournesol-avignon.fr\/wp-content\/uploads\/2022\/06\/LOGO-avec-blanc5-HOP-POUR-JL-edited.jpg","width":469,"height":646,"caption":"prix tournesol"},"image":{"@id":"https:\/\/prix-tournesol-avignon.fr\/#\/schema\/logo\/image\/"},"sameAs":["https:\/\/www.facebook.com\/groups\/133682346653453"]}]}},"jetpack_sharing_enabled":true,"_links":{"self":[{"href":"https:\/\/prix-tournesol-avignon.fr\/index.php?rest_route=\/wp\/v2\/pages\/62","targetHints":{"allow":["GET"]}}],"collection":[{"href":"https:\/\/prix-tournesol-avignon.fr\/index.php?rest_route=\/wp\/v2\/pages"}],"about":[{"href":"https:\/\/prix-tournesol-avignon.fr\/index.php?rest_route=\/wp\/v2\/types\/page"}],"author":[{"embeddable":true,"href":"https:\/\/prix-tournesol-avignon.fr\/index.php?rest_route=\/wp\/v2\/users\/3"}],"replies":[{"embeddable":true,"href":"https:\/\/prix-tournesol-avignon.fr\/index.php?rest_route=%2Fwp%2Fv2%2Fcomments&post=62"}],"version-history":[{"count":4,"href":"https:\/\/prix-tournesol-avignon.fr\/index.php?rest_route=\/wp\/v2\/pages\/62\/revisions"}],"predecessor-version":[{"id":252,"href":"https:\/\/prix-tournesol-avignon.fr\/index.php?rest_route=\/wp\/v2\/pages\/62\/revisions\/252"}],"wp:attachment":[{"href":"https:\/\/prix-tournesol-avignon.fr\/index.php?rest_route=%2Fwp%2Fv2%2Fmedia&parent=62"}],"curies":[{"name":"wp","href":"https:\/\/api.w.org\/{rel}","templated":true}]}}