{"id":185,"date":"2022-06-24T17:23:20","date_gmt":"2022-06-24T15:23:20","guid":{"rendered":"https:\/\/prix-tournesol-avignon.fr\/?page_id=185"},"modified":"2022-07-18T22:50:07","modified_gmt":"2022-07-18T20:50:07","slug":"pt-2013","status":"publish","type":"page","link":"https:\/\/prix-tournesol-avignon.fr\/?page_id=185","title":{"rendered":"PT 2013"},"content":{"rendered":"\n<p><\/p>\n\n\n\n<p>Le jury du prix Tournesol devant le caf\u00e9 d&rsquo;Utopia, le 19 juillet, pour la conf\u00e9rence de presse, avec la marraine du Tournesol 2013, la chanteuse qu\u00e9b\u00e9coise <a href=\"https:\/\/fr.wikipedia.org\/wiki\/Fabienne_Thibeault\" target=\"_blank\" rel=\"noreferrer noopener\">Fabienne Thibeault.<\/a><\/p>\n\n\n\n<figure class=\"wp-block-image aligncenter size-large\"><img data-recalc-dims=\"1\" fetchpriority=\"high\" decoding=\"async\" width=\"1024\" height=\"768\" src=\"https:\/\/i0.wp.com\/prix-tournesol-avignon.fr\/wp-content\/uploads\/2022\/07\/1074845_10201791276450508_2094023398_o-2.jpeg?resize=1024%2C768&#038;ssl=1\" alt=\"\" class=\"wp-image-351\" srcset=\"https:\/\/i0.wp.com\/prix-tournesol-avignon.fr\/wp-content\/uploads\/2022\/07\/1074845_10201791276450508_2094023398_o-2.jpeg?resize=1024%2C768&amp;ssl=1 1024w, https:\/\/i0.wp.com\/prix-tournesol-avignon.fr\/wp-content\/uploads\/2022\/07\/1074845_10201791276450508_2094023398_o-2.jpeg?resize=300%2C225&amp;ssl=1 300w, https:\/\/i0.wp.com\/prix-tournesol-avignon.fr\/wp-content\/uploads\/2022\/07\/1074845_10201791276450508_2094023398_o-2.jpeg?resize=768%2C576&amp;ssl=1 768w, https:\/\/i0.wp.com\/prix-tournesol-avignon.fr\/wp-content\/uploads\/2022\/07\/1074845_10201791276450508_2094023398_o-2.jpeg?resize=1536%2C1152&amp;ssl=1 1536w, https:\/\/i0.wp.com\/prix-tournesol-avignon.fr\/wp-content\/uploads\/2022\/07\/1074845_10201791276450508_2094023398_o-2.jpeg?w=2048&amp;ssl=1 2048w\" sizes=\"(max-width: 1000px) 100vw, 1000px\" \/><\/figure>\n","protected":false},"excerpt":{"rendered":"<p>Le jury du prix Tournesol devant le caf\u00e9 d&rsquo;Utopia, le 19 juillet, pour la conf\u00e9rence de presse, avec la marraine du Tournesol 2013, la chanteuse qu\u00e9b\u00e9coise Fabienne Thibeault.<\/p>\n","protected":false},"author":3,"featured_media":0,"parent":0,"menu_order":0,"comment_status":"closed","ping_status":"closed","template":"","meta":{"footnotes":""},"class_list":["post-185","page","type-page","status-publish","hentry"],"yoast_head":"<!-- This site is optimized with the Yoast SEO plugin v26.8 - https:\/\/yoast.com\/product\/yoast-seo-wordpress\/ -->\n<title>PT 2013 - Prix Tournesol<\/title>\n<meta name=\"robots\" content=\"index, follow, max-snippet:-1, max-image-preview:large, max-video-preview:-1\" \/>\n<link rel=\"canonical\" href=\"https:\/\/prix-tournesol-avignon.fr\/?page_id=185\" \/>\n<meta property=\"og:locale\" content=\"fr_FR\" \/>\n<meta property=\"og:type\" content=\"article\" \/>\n<meta property=\"og:title\" content=\"PT 2013 - Prix Tournesol\" \/>\n<meta property=\"og:description\" content=\"Le jury du prix Tournesol devant le caf\u00e9 d&rsquo;Utopia, le 19 juillet, pour la conf\u00e9rence de presse, avec la marraine du Tournesol 2013, la chanteuse qu\u00e9b\u00e9coise Fabienne Thibeault.\" \/>\n<meta property=\"og:url\" content=\"https:\/\/prix-tournesol-avignon.fr\/?page_id=185\" \/>\n<meta property=\"og:site_name\" content=\"Prix Tournesol\" \/>\n<meta property=\"article:publisher\" content=\"https:\/\/www.facebook.com\/groups\/133682346653453\" \/>\n<meta property=\"article:modified_time\" content=\"2022-07-18T20:50:07+00:00\" \/>\n<meta property=\"og:image\" content=\"https:\/\/prix-tournesol-avignon.fr\/wp-content\/uploads\/2022\/07\/1074845_10201791276450508_2094023398_o-2-1024x768.jpeg\" \/>\n<meta name=\"twitter:card\" content=\"summary_large_image\" \/>\n<meta name=\"twitter:label1\" content=\"Dur\u00e9e de lecture estim\u00e9e\" \/>\n\t<meta name=\"twitter:data1\" content=\"1 minute\" \/>\n<script type=\"application\/ld+json\" class=\"yoast-schema-graph\">{\"@context\":\"https:\/\/schema.org\",\"@graph\":[{\"@type\":\"WebPage\",\"@id\":\"https:\/\/prix-tournesol-avignon.fr\/?page_id=185\",\"url\":\"https:\/\/prix-tournesol-avignon.fr\/?page_id=185\",\"name\":\"PT 2013 - Prix Tournesol\",\"isPartOf\":{\"@id\":\"https:\/\/prix-tournesol-avignon.fr\/#website\"},\"primaryImageOfPage\":{\"@id\":\"https:\/\/prix-tournesol-avignon.fr\/?page_id=185#primaryimage\"},\"image\":{\"@id\":\"https:\/\/prix-tournesol-avignon.fr\/?page_id=185#primaryimage\"},\"thumbnailUrl\":\"https:\/\/prix-tournesol-avignon.fr\/wp-content\/uploads\/2022\/07\/1074845_10201791276450508_2094023398_o-2-1024x768.jpeg\",\"datePublished\":\"2022-06-24T15:23:20+00:00\",\"dateModified\":\"2022-07-18T20:50:07+00:00\",\"breadcrumb\":{\"@id\":\"https:\/\/prix-tournesol-avignon.fr\/?page_id=185#breadcrumb\"},\"inLanguage\":\"fr-FR\",\"potentialAction\":[{\"@type\":\"ReadAction\",\"target\":[\"https:\/\/prix-tournesol-avignon.fr\/?page_id=185\"]}]},{\"@type\":\"ImageObject\",\"inLanguage\":\"fr-FR\",\"@id\":\"https:\/\/prix-tournesol-avignon.fr\/?page_id=185#primaryimage\",\"url\":\"https:\/\/i0.wp.com\/prix-tournesol-avignon.fr\/wp-content\/uploads\/2022\/07\/1074845_10201791276450508_2094023398_o-2.jpeg?fit=2048%2C1536&ssl=1\",\"contentUrl\":\"https:\/\/i0.wp.com\/prix-tournesol-avignon.fr\/wp-content\/uploads\/2022\/07\/1074845_10201791276450508_2094023398_o-2.jpeg?fit=2048%2C1536&ssl=1\",\"width\":2048,\"height\":1536},{\"@type\":\"BreadcrumbList\",\"@id\":\"https:\/\/prix-tournesol-avignon.fr\/?page_id=185#breadcrumb\",\"itemListElement\":[{\"@type\":\"ListItem\",\"position\":1,\"name\":\"Accueil\",\"item\":\"https:\/\/prix-tournesol-avignon.fr\/\"},{\"@type\":\"ListItem\",\"position\":2,\"name\":\"PT 2013\"}]},{\"@type\":\"WebSite\",\"@id\":\"https:\/\/prix-tournesol-avignon.fr\/#website\",\"url\":\"https:\/\/prix-tournesol-avignon.fr\/\",\"name\":\"Prix Tournesol\",\"description\":\"Les artistes sont des lanceurs d&#039;alerte presque comme les autres...\",\"publisher\":{\"@id\":\"https:\/\/prix-tournesol-avignon.fr\/#organization\"},\"potentialAction\":[{\"@type\":\"SearchAction\",\"target\":{\"@type\":\"EntryPoint\",\"urlTemplate\":\"https:\/\/prix-tournesol-avignon.fr\/?s={search_term_string}\"},\"query-input\":{\"@type\":\"PropertyValueSpecification\",\"valueRequired\":true,\"valueName\":\"search_term_string\"}}],\"inLanguage\":\"fr-FR\"},{\"@type\":\"Organization\",\"@id\":\"https:\/\/prix-tournesol-avignon.fr\/#organization\",\"name\":\"prix tournesol\",\"url\":\"https:\/\/prix-tournesol-avignon.fr\/\",\"logo\":{\"@type\":\"ImageObject\",\"inLanguage\":\"fr-FR\",\"@id\":\"https:\/\/prix-tournesol-avignon.fr\/#\/schema\/logo\/image\/\",\"url\":\"https:\/\/prix-tournesol-avignon.fr\/wp-content\/uploads\/2022\/06\/LOGO-avec-blanc5-HOP-POUR-JL-edited.jpg\",\"contentUrl\":\"https:\/\/prix-tournesol-avignon.fr\/wp-content\/uploads\/2022\/06\/LOGO-avec-blanc5-HOP-POUR-JL-edited.jpg\",\"width\":469,\"height\":646,\"caption\":\"prix tournesol\"},\"image\":{\"@id\":\"https:\/\/prix-tournesol-avignon.fr\/#\/schema\/logo\/image\/\"},\"sameAs\":[\"https:\/\/www.facebook.com\/groups\/133682346653453\"]}]}<\/script>\n<!-- \/ Yoast SEO plugin. -->","yoast_head_json":{"title":"PT 2013 - Prix Tournesol","robots":{"index":"index","follow":"follow","max-snippet":"max-snippet:-1","max-image-preview":"max-image-preview:large","max-video-preview":"max-video-preview:-1"},"canonical":"https:\/\/prix-tournesol-avignon.fr\/?page_id=185","og_locale":"fr_FR","og_type":"article","og_title":"PT 2013 - Prix Tournesol","og_description":"Le jury du prix Tournesol devant le caf\u00e9 d&rsquo;Utopia, le 19 juillet, pour la conf\u00e9rence de presse, avec la marraine du Tournesol 2013, la chanteuse qu\u00e9b\u00e9coise Fabienne Thibeault.","og_url":"https:\/\/prix-tournesol-avignon.fr\/?page_id=185","og_site_name":"Prix Tournesol","article_publisher":"https:\/\/www.facebook.com\/groups\/133682346653453","article_modified_time":"2022-07-18T20:50:07+00:00","og_image":[{"url":"https:\/\/prix-tournesol-avignon.fr\/wp-content\/uploads\/2022\/07\/1074845_10201791276450508_2094023398_o-2-1024x768.jpeg","type":"","width":"","height":""}],"twitter_card":"summary_large_image","twitter_misc":{"Dur\u00e9e de lecture estim\u00e9e":"1 minute"},"schema":{"@context":"https:\/\/schema.org","@graph":[{"@type":"WebPage","@id":"https:\/\/prix-tournesol-avignon.fr\/?page_id=185","url":"https:\/\/prix-tournesol-avignon.fr\/?page_id=185","name":"PT 2013 - Prix Tournesol","isPartOf":{"@id":"https:\/\/prix-tournesol-avignon.fr\/#website"},"primaryImageOfPage":{"@id":"https:\/\/prix-tournesol-avignon.fr\/?page_id=185#primaryimage"},"image":{"@id":"https:\/\/prix-tournesol-avignon.fr\/?page_id=185#primaryimage"},"thumbnailUrl":"https:\/\/prix-tournesol-avignon.fr\/wp-content\/uploads\/2022\/07\/1074845_10201791276450508_2094023398_o-2-1024x768.jpeg","datePublished":"2022-06-24T15:23:20+00:00","dateModified":"2022-07-18T20:50:07+00:00","breadcrumb":{"@id":"https:\/\/prix-tournesol-avignon.fr\/?page_id=185#breadcrumb"},"inLanguage":"fr-FR","potentialAction":[{"@type":"ReadAction","target":["https:\/\/prix-tournesol-avignon.fr\/?page_id=185"]}]},{"@type":"ImageObject","inLanguage":"fr-FR","@id":"https:\/\/prix-tournesol-avignon.fr\/?page_id=185#primaryimage","url":"https:\/\/i0.wp.com\/prix-tournesol-avignon.fr\/wp-content\/uploads\/2022\/07\/1074845_10201791276450508_2094023398_o-2.jpeg?fit=2048%2C1536&ssl=1","contentUrl":"https:\/\/i0.wp.com\/prix-tournesol-avignon.fr\/wp-content\/uploads\/2022\/07\/1074845_10201791276450508_2094023398_o-2.jpeg?fit=2048%2C1536&ssl=1","width":2048,"height":1536},{"@type":"BreadcrumbList","@id":"https:\/\/prix-tournesol-avignon.fr\/?page_id=185#breadcrumb","itemListElement":[{"@type":"ListItem","position":1,"name":"Accueil","item":"https:\/\/prix-tournesol-avignon.fr\/"},{"@type":"ListItem","position":2,"name":"PT 2013"}]},{"@type":"WebSite","@id":"https:\/\/prix-tournesol-avignon.fr\/#website","url":"https:\/\/prix-tournesol-avignon.fr\/","name":"Prix Tournesol","description":"Les artistes sont des lanceurs d&#039;alerte presque comme les autres...","publisher":{"@id":"https:\/\/prix-tournesol-avignon.fr\/#organization"},"potentialAction":[{"@type":"SearchAction","target":{"@type":"EntryPoint","urlTemplate":"https:\/\/prix-tournesol-avignon.fr\/?s={search_term_string}"},"query-input":{"@type":"PropertyValueSpecification","valueRequired":true,"valueName":"search_term_string"}}],"inLanguage":"fr-FR"},{"@type":"Organization","@id":"https:\/\/prix-tournesol-avignon.fr\/#organization","name":"prix tournesol","url":"https:\/\/prix-tournesol-avignon.fr\/","logo":{"@type":"ImageObject","inLanguage":"fr-FR","@id":"https:\/\/prix-tournesol-avignon.fr\/#\/schema\/logo\/image\/","url":"https:\/\/prix-tournesol-avignon.fr\/wp-content\/uploads\/2022\/06\/LOGO-avec-blanc5-HOP-POUR-JL-edited.jpg","contentUrl":"https:\/\/prix-tournesol-avignon.fr\/wp-content\/uploads\/2022\/06\/LOGO-avec-blanc5-HOP-POUR-JL-edited.jpg","width":469,"height":646,"caption":"prix tournesol"},"image":{"@id":"https:\/\/prix-tournesol-avignon.fr\/#\/schema\/logo\/image\/"},"sameAs":["https:\/\/www.facebook.com\/groups\/133682346653453"]}]}},"jetpack_sharing_enabled":true,"_links":{"self":[{"href":"https:\/\/prix-tournesol-avignon.fr\/index.php?rest_route=\/wp\/v2\/pages\/185","targetHints":{"allow":["GET"]}}],"collection":[{"href":"https:\/\/prix-tournesol-avignon.fr\/index.php?rest_route=\/wp\/v2\/pages"}],"about":[{"href":"https:\/\/prix-tournesol-avignon.fr\/index.php?rest_route=\/wp\/v2\/types\/page"}],"author":[{"embeddable":true,"href":"https:\/\/prix-tournesol-avignon.fr\/index.php?rest_route=\/wp\/v2\/users\/3"}],"replies":[{"embeddable":true,"href":"https:\/\/prix-tournesol-avignon.fr\/index.php?rest_route=%2Fwp%2Fv2%2Fcomments&post=185"}],"version-history":[{"count":2,"href":"https:\/\/prix-tournesol-avignon.fr\/index.php?rest_route=\/wp\/v2\/pages\/185\/revisions"}],"predecessor-version":[{"id":352,"href":"https:\/\/prix-tournesol-avignon.fr\/index.php?rest_route=\/wp\/v2\/pages\/185\/revisions\/352"}],"wp:attachment":[{"href":"https:\/\/prix-tournesol-avignon.fr\/index.php?rest_route=%2Fwp%2Fv2%2Fmedia&parent=185"}],"curies":[{"name":"wp","href":"https:\/\/api.w.org\/{rel}","templated":true}]}}