{"id":101,"date":"2022-06-20T18:34:48","date_gmt":"2022-06-20T16:34:48","guid":{"rendered":"https:\/\/prix-tournesol-avignon.fr\/?page_id=101"},"modified":"2022-06-20T18:34:48","modified_gmt":"2022-06-20T16:34:48","slug":"pt-2018","status":"publish","type":"page","link":"https:\/\/prix-tournesol-avignon.fr\/?page_id=101","title":{"rendered":"PT 2018"},"content":{"rendered":"\n<figure class=\"wp-block-image size-large\"><img data-recalc-dims=\"1\" fetchpriority=\"high\" decoding=\"async\" width=\"1024\" height=\"768\" src=\"https:\/\/i0.wp.com\/prix-tournesol-avignon.fr\/wp-content\/uploads\/2022\/06\/remise-des-prix-tournesol-2018.jpg?resize=1024%2C768&#038;ssl=1\" alt=\"\" class=\"wp-image-102\" srcset=\"https:\/\/i0.wp.com\/prix-tournesol-avignon.fr\/wp-content\/uploads\/2022\/06\/remise-des-prix-tournesol-2018-scaled.jpg?resize=1024%2C768&amp;ssl=1 1024w, https:\/\/i0.wp.com\/prix-tournesol-avignon.fr\/wp-content\/uploads\/2022\/06\/remise-des-prix-tournesol-2018-scaled.jpg?resize=300%2C225&amp;ssl=1 300w, https:\/\/i0.wp.com\/prix-tournesol-avignon.fr\/wp-content\/uploads\/2022\/06\/remise-des-prix-tournesol-2018-scaled.jpg?resize=768%2C576&amp;ssl=1 768w, https:\/\/i0.wp.com\/prix-tournesol-avignon.fr\/wp-content\/uploads\/2022\/06\/remise-des-prix-tournesol-2018-scaled.jpg?resize=1536%2C1152&amp;ssl=1 1536w, https:\/\/i0.wp.com\/prix-tournesol-avignon.fr\/wp-content\/uploads\/2022\/06\/remise-des-prix-tournesol-2018-scaled.jpg?resize=2048%2C1536&amp;ssl=1 2048w\" sizes=\"(max-width: 1000px) 100vw, 1000px\" \/><figcaption>Laur\u00e9ats et jur\u00e9.e.s des Prix Tournesol 2018 lors de la remise des prix au Mus\u00e9e Vouland <br>&#8211; en pr\u00e9sence de sa conservatrice,  Mme <strong>Odile Guichard<\/strong>, du d\u00e9put\u00e9<strong> Jean-Fran\u00e7ois Cesarini <\/strong>et de l&rsquo;adjointe \u00e0 la mairie d&rsquo;Avignon, Mme <strong>St\u00e9phanie Morel<\/strong><\/figcaption><\/figure>\n\n\n\n<p><strong><\/strong><strong>Les 5 PRIX TOURNESOL 2018<\/strong>&nbsp;<\/p>\n\n\n\n<p><strong>Prix Tournesol <\/strong><strong>\u00ab\u202f<\/strong><strong>Jeunes Pousses<\/strong><strong>\u202f\u00bb<\/strong>&nbsp;<\/p>\n\n\n\n<p><strong>Th des BARRIQUES<\/strong>&nbsp;<\/p>\n\n\n\n<p><strong>JP &#8211; <\/strong>11 h 25&nbsp;<\/p>\n\n\n\n<p><strong>Pourquoi les chats ne nous parlent pas<\/strong><em>\/ ICI th<\/em><em>\u00e9\u00e2<\/em><em>tre Cie<\/em>&nbsp;<\/p>\n\n\n\n<p><strong>Prix Tournesol <\/strong><strong>\u00ab\u202f<\/strong><strong>nos diff<\/strong><strong>\u00e9rences<\/strong><strong>\u202f\u00bb<\/strong>&nbsp;<\/p>\n\n\n\n<p><strong>ATYPIK Th<\/strong><strong>\u00e9\u00e2<\/strong><strong>tre<\/strong>&nbsp;<\/p>\n\n\n\n<p>9 h 30&nbsp;<\/p>\n\n\n\n<p><strong>J&rsquo;ai pas l&rsquo;temps, j&rsquo;suis pas comme eux <\/strong><strong>\/<\/strong>&nbsp;<\/p>\n\n\n\n<p><em>Cie Folheliotrope &#8211; Draguignan<\/em>&nbsp;<\/p>\n\n\n\n<p><strong>Prix Tournesol <\/strong><strong>\u00ab\u202f<\/strong><strong>corps et danse<\/strong><strong>\u00bb<\/strong>&nbsp;<\/p>\n\n\n\n<p><strong>HAUTS PLATEAUX LA MANUTENTION<\/strong>&nbsp;<\/p>\n\n\n\n<p>14 h&nbsp;<\/p>\n\n\n\n<p><strong>\u00ab <\/strong><strong>Long est le chemin<\/strong><strong> \u00bb <\/strong><strong>\/danse <\/strong><strong>\u2013 chor<\/strong><strong>\u00e9graphe<\/strong><strong>\u202f: <\/strong><em>Hosni M&rsquo;Hanna- Cie Par-All<\/em><em>\u00e8<\/em><em>les<\/em>&nbsp;<\/p>\n\n\n\n<p><strong>Prix sp<\/strong><strong>\u00e9cial du jury<\/strong>&nbsp;<\/p>\n\n\n\n<p><strong>ESPACE ALYA<\/strong>&nbsp;<\/p>\n\n\n\n<p>10 h 15&nbsp;<\/p>\n\n\n\n<p><strong>Risas depapel<\/strong><em>\/ Cie circonsciente &#8211; Mexique<\/em>&nbsp;<\/p>\n\n\n\n<p><em>Grand <\/em><strong>Prix TOURNESOL 2018<\/strong>&nbsp;<\/p>\n\n\n\n<p><strong>Chapelle verbe incarn<\/strong><strong>\u00e9<\/strong>&nbsp;<\/p>\n\n\n\n<p>21 h 35&nbsp;<\/p>\n\n\n\n<p><strong>Les champignons de Paris<\/strong><em>\/ Cie du CaM\u00e9<\/em><em>L<\/em><em>\u00e9<\/em><em>on-Polyn<\/em><em>\u00e9<\/em><em>sie Fran<\/em><em>\u00e7aise<\/em>&nbsp;<\/p>\n\n\n\n<p>Les 10 autres spectacles nomin\u00e9s pour 2018 :&nbsp;<\/p>\n\n\n\n<p><strong>Th<\/strong><strong>\u00e9atre des Amants<\/strong>&nbsp;<\/p>\n\n\n\n<p>13 h 15&nbsp;<\/p>\n\n\n\n<p><strong>50<\/strong><em> \/ Cie les fils de zouave<\/em>&nbsp;<\/p>\n\n\n\n<p><strong>Th des BARRIQUES<\/strong>&nbsp;<\/p>\n\n\n\n<p><strong>JP &#8211; <\/strong>10 h 05&nbsp;<\/p>\n\n\n\n<p><strong>Dedans moi <\/strong><em>\/ Filom<\/em><em>\u00e8<\/em><em>ne et compagnie<\/em>&nbsp;<\/p>\n\n\n\n<p><strong>Bourse du travail CGT<\/strong>&nbsp;<\/p>\n\n\n\n<p>11 h&nbsp;<\/p>\n\n\n\n<p><strong>L&rsquo;arbre monde <\/strong><em>\/ Cie les grandes pointures<\/em>&nbsp;<\/p>\n\n\n\n<p><strong>Th des Doms<\/strong>&nbsp;<\/p>\n\n\n\n<p>17 h&nbsp;<\/p>\n\n\n\n<p><strong>L&rsquo;herbe de l&rsquo;oubli <\/strong><em>\/ Cie Point Z<\/em><em>\u00e9<\/em><em>ro + Th<\/em><em>\u00e9\u00e2tre de poche Bruxelles<\/em>&nbsp;<\/p>\n\n\n\n<p><strong>L&rsquo;ENTREPOT<\/strong>&nbsp;<\/p>\n\n\n\n<p>19 h 30&nbsp;<\/p>\n\n\n\n<p><strong>No women&rsquo;s land <\/strong><em>\/ Cie Dell&rsquo;improvviso-Belgique<\/em>&nbsp;<\/p>\n\n\n\n<p><strong>EPISCENE<\/strong>&nbsp;<\/p>\n\n\n\n<p>18 h 05&nbsp;<\/p>\n\n\n\n<p><strong>Nous sommes les petites filles des sorci<\/strong><strong>\u00e8<\/strong><strong>res&#8230; <\/strong><em>\/ Cie Biloxi 48<\/em>&nbsp;<\/p>\n\n\n\n<p><strong>ESPACE ROSEAU<\/strong>&nbsp;<\/p>\n\n\n\n<p>14 h 30&nbsp;<\/p>\n\n\n\n<p><strong>Gibraltar <\/strong>\/ Th de la Trame &#8211; 42&nbsp;<\/p>\n\n\n\n<p><strong>ESPACE ROSEAU<\/strong>&nbsp;<\/p>\n\n\n\n<p>16 h&nbsp;<\/p>\n\n\n\n<p><strong>Les insoumis \/<\/strong><em> Arbre Compagnie \/Eure-et-Loire<\/em>&nbsp;<\/p>\n\n\n\n<p><strong>Th de la Porte St-Michel<\/strong>&nbsp;<\/p>\n\n\n\n<p>14 h&nbsp;<\/p>\n\n\n\n<p><strong>Respire, l&rsquo;histoire d\u00e9<\/strong><strong>jant<\/strong><strong>\u00e9e de la bicyclette <\/strong><em>\/ Cie la luba \u2013 <\/em><em>Htes Alpes<\/em>&nbsp;<\/p>\n\n\n\n<p><strong>Th des vents<\/strong>&nbsp;<\/p>\n\n\n\n<p><strong>JP &#8211; <\/strong>15 h 15&nbsp;<\/p>\n\n\n\n<p><strong>Yapado &amp; Yapadam <\/strong><em>\/Cie la caravane creative<\/em>&nbsp;<\/p>\n","protected":false},"excerpt":{"rendered":"<p>Les 5 PRIX TOURNESOL 2018&nbsp; Prix Tournesol \u00ab\u202fJeunes Pousses\u202f\u00bb&nbsp; Th des BARRIQUES&nbsp; JP &#8211; 11 h 25&nbsp; Pourquoi les chats ne nous parlent pas\/ ICI th\u00e9\u00e2tre Cie&nbsp; Prix Tournesol \u00ab\u202fnos diff\u00e9rences\u202f\u00bb&nbsp; ATYPIK Th\u00e9\u00e2tre&nbsp; 9 h 30&nbsp; J&rsquo;ai pas l&rsquo;temps, j&rsquo;suis pas comme eux \/&nbsp; Cie Folheliotrope &#8211; Draguignan&nbsp; Prix Tournesol \u00ab\u202fcorps et danse\u00bb&nbsp; HAUTS PLATEAUX [&hellip;]<\/p>\n","protected":false},"author":3,"featured_media":0,"parent":0,"menu_order":0,"comment_status":"closed","ping_status":"closed","template":"","meta":{"footnotes":""},"class_list":["post-101","page","type-page","status-publish","hentry"],"yoast_head":"<!-- This site is optimized with the Yoast SEO plugin v26.8 - https:\/\/yoast.com\/product\/yoast-seo-wordpress\/ -->\n<title>PT 2018 - Prix Tournesol<\/title>\n<meta name=\"robots\" content=\"index, follow, max-snippet:-1, max-image-preview:large, max-video-preview:-1\" \/>\n<link rel=\"canonical\" href=\"https:\/\/prix-tournesol-avignon.fr\/?page_id=101\" \/>\n<meta property=\"og:locale\" content=\"fr_FR\" \/>\n<meta property=\"og:type\" content=\"article\" \/>\n<meta property=\"og:title\" content=\"PT 2018 - Prix Tournesol\" \/>\n<meta property=\"og:description\" content=\"Les 5 PRIX TOURNESOL 2018&nbsp; Prix Tournesol \u00ab\u202fJeunes Pousses\u202f\u00bb&nbsp; Th des BARRIQUES&nbsp; JP &#8211; 11 h 25&nbsp; Pourquoi les chats ne nous parlent pas\/ ICI th\u00e9\u00e2tre Cie&nbsp; Prix Tournesol \u00ab\u202fnos diff\u00e9rences\u202f\u00bb&nbsp; ATYPIK Th\u00e9\u00e2tre&nbsp; 9 h 30&nbsp; J&rsquo;ai pas l&rsquo;temps, j&rsquo;suis pas comme eux \/&nbsp; Cie Folheliotrope &#8211; Draguignan&nbsp; Prix Tournesol \u00ab\u202fcorps et danse\u00bb&nbsp; HAUTS PLATEAUX [&hellip;]\" \/>\n<meta property=\"og:url\" content=\"https:\/\/prix-tournesol-avignon.fr\/?page_id=101\" \/>\n<meta property=\"og:site_name\" content=\"Prix Tournesol\" \/>\n<meta property=\"article:publisher\" content=\"https:\/\/www.facebook.com\/groups\/133682346653453\" \/>\n<meta property=\"og:image\" content=\"https:\/\/prix-tournesol-avignon.fr\/wp-content\/uploads\/2022\/06\/remise-des-prix-tournesol-2018-1024x768.jpg\" \/>\n<meta name=\"twitter:card\" content=\"summary_large_image\" \/>\n<meta name=\"twitter:label1\" content=\"Dur\u00e9e de lecture estim\u00e9e\" \/>\n\t<meta name=\"twitter:data1\" content=\"2 minutes\" \/>\n<script type=\"application\/ld+json\" class=\"yoast-schema-graph\">{\"@context\":\"https:\/\/schema.org\",\"@graph\":[{\"@type\":\"WebPage\",\"@id\":\"https:\/\/prix-tournesol-avignon.fr\/?page_id=101\",\"url\":\"https:\/\/prix-tournesol-avignon.fr\/?page_id=101\",\"name\":\"PT 2018 - Prix Tournesol\",\"isPartOf\":{\"@id\":\"https:\/\/prix-tournesol-avignon.fr\/#website\"},\"primaryImageOfPage\":{\"@id\":\"https:\/\/prix-tournesol-avignon.fr\/?page_id=101#primaryimage\"},\"image\":{\"@id\":\"https:\/\/prix-tournesol-avignon.fr\/?page_id=101#primaryimage\"},\"thumbnailUrl\":\"https:\/\/prix-tournesol-avignon.fr\/wp-content\/uploads\/2022\/06\/remise-des-prix-tournesol-2018-1024x768.jpg\",\"datePublished\":\"2022-06-20T16:34:48+00:00\",\"breadcrumb\":{\"@id\":\"https:\/\/prix-tournesol-avignon.fr\/?page_id=101#breadcrumb\"},\"inLanguage\":\"fr-FR\",\"potentialAction\":[{\"@type\":\"ReadAction\",\"target\":[\"https:\/\/prix-tournesol-avignon.fr\/?page_id=101\"]}]},{\"@type\":\"ImageObject\",\"inLanguage\":\"fr-FR\",\"@id\":\"https:\/\/prix-tournesol-avignon.fr\/?page_id=101#primaryimage\",\"url\":\"https:\/\/prix-tournesol-avignon.fr\/wp-content\/uploads\/2022\/06\/remise-des-prix-tournesol-2018-1024x768.jpg\",\"contentUrl\":\"https:\/\/prix-tournesol-avignon.fr\/wp-content\/uploads\/2022\/06\/remise-des-prix-tournesol-2018-1024x768.jpg\"},{\"@type\":\"BreadcrumbList\",\"@id\":\"https:\/\/prix-tournesol-avignon.fr\/?page_id=101#breadcrumb\",\"itemListElement\":[{\"@type\":\"ListItem\",\"position\":1,\"name\":\"Accueil\",\"item\":\"https:\/\/prix-tournesol-avignon.fr\/\"},{\"@type\":\"ListItem\",\"position\":2,\"name\":\"PT 2018\"}]},{\"@type\":\"WebSite\",\"@id\":\"https:\/\/prix-tournesol-avignon.fr\/#website\",\"url\":\"https:\/\/prix-tournesol-avignon.fr\/\",\"name\":\"Prix Tournesol\",\"description\":\"Les artistes sont des lanceurs d&#039;alerte presque comme les autres...\",\"publisher\":{\"@id\":\"https:\/\/prix-tournesol-avignon.fr\/#organization\"},\"potentialAction\":[{\"@type\":\"SearchAction\",\"target\":{\"@type\":\"EntryPoint\",\"urlTemplate\":\"https:\/\/prix-tournesol-avignon.fr\/?s={search_term_string}\"},\"query-input\":{\"@type\":\"PropertyValueSpecification\",\"valueRequired\":true,\"valueName\":\"search_term_string\"}}],\"inLanguage\":\"fr-FR\"},{\"@type\":\"Organization\",\"@id\":\"https:\/\/prix-tournesol-avignon.fr\/#organization\",\"name\":\"prix tournesol\",\"url\":\"https:\/\/prix-tournesol-avignon.fr\/\",\"logo\":{\"@type\":\"ImageObject\",\"inLanguage\":\"fr-FR\",\"@id\":\"https:\/\/prix-tournesol-avignon.fr\/#\/schema\/logo\/image\/\",\"url\":\"https:\/\/prix-tournesol-avignon.fr\/wp-content\/uploads\/2022\/06\/LOGO-avec-blanc5-HOP-POUR-JL-edited.jpg\",\"contentUrl\":\"https:\/\/prix-tournesol-avignon.fr\/wp-content\/uploads\/2022\/06\/LOGO-avec-blanc5-HOP-POUR-JL-edited.jpg\",\"width\":469,\"height\":646,\"caption\":\"prix tournesol\"},\"image\":{\"@id\":\"https:\/\/prix-tournesol-avignon.fr\/#\/schema\/logo\/image\/\"},\"sameAs\":[\"https:\/\/www.facebook.com\/groups\/133682346653453\"]}]}<\/script>\n<!-- \/ Yoast SEO plugin. -->","yoast_head_json":{"title":"PT 2018 - Prix Tournesol","robots":{"index":"index","follow":"follow","max-snippet":"max-snippet:-1","max-image-preview":"max-image-preview:large","max-video-preview":"max-video-preview:-1"},"canonical":"https:\/\/prix-tournesol-avignon.fr\/?page_id=101","og_locale":"fr_FR","og_type":"article","og_title":"PT 2018 - Prix Tournesol","og_description":"Les 5 PRIX TOURNESOL 2018&nbsp; Prix Tournesol \u00ab\u202fJeunes Pousses\u202f\u00bb&nbsp; Th des BARRIQUES&nbsp; JP &#8211; 11 h 25&nbsp; Pourquoi les chats ne nous parlent pas\/ ICI th\u00e9\u00e2tre Cie&nbsp; Prix Tournesol \u00ab\u202fnos diff\u00e9rences\u202f\u00bb&nbsp; ATYPIK Th\u00e9\u00e2tre&nbsp; 9 h 30&nbsp; J&rsquo;ai pas l&rsquo;temps, j&rsquo;suis pas comme eux \/&nbsp; Cie Folheliotrope &#8211; Draguignan&nbsp; Prix Tournesol \u00ab\u202fcorps et danse\u00bb&nbsp; HAUTS PLATEAUX [&hellip;]","og_url":"https:\/\/prix-tournesol-avignon.fr\/?page_id=101","og_site_name":"Prix Tournesol","article_publisher":"https:\/\/www.facebook.com\/groups\/133682346653453","og_image":[{"url":"https:\/\/prix-tournesol-avignon.fr\/wp-content\/uploads\/2022\/06\/remise-des-prix-tournesol-2018-1024x768.jpg","type":"","width":"","height":""}],"twitter_card":"summary_large_image","twitter_misc":{"Dur\u00e9e de lecture estim\u00e9e":"2 minutes"},"schema":{"@context":"https:\/\/schema.org","@graph":[{"@type":"WebPage","@id":"https:\/\/prix-tournesol-avignon.fr\/?page_id=101","url":"https:\/\/prix-tournesol-avignon.fr\/?page_id=101","name":"PT 2018 - Prix Tournesol","isPartOf":{"@id":"https:\/\/prix-tournesol-avignon.fr\/#website"},"primaryImageOfPage":{"@id":"https:\/\/prix-tournesol-avignon.fr\/?page_id=101#primaryimage"},"image":{"@id":"https:\/\/prix-tournesol-avignon.fr\/?page_id=101#primaryimage"},"thumbnailUrl":"https:\/\/prix-tournesol-avignon.fr\/wp-content\/uploads\/2022\/06\/remise-des-prix-tournesol-2018-1024x768.jpg","datePublished":"2022-06-20T16:34:48+00:00","breadcrumb":{"@id":"https:\/\/prix-tournesol-avignon.fr\/?page_id=101#breadcrumb"},"inLanguage":"fr-FR","potentialAction":[{"@type":"ReadAction","target":["https:\/\/prix-tournesol-avignon.fr\/?page_id=101"]}]},{"@type":"ImageObject","inLanguage":"fr-FR","@id":"https:\/\/prix-tournesol-avignon.fr\/?page_id=101#primaryimage","url":"https:\/\/prix-tournesol-avignon.fr\/wp-content\/uploads\/2022\/06\/remise-des-prix-tournesol-2018-1024x768.jpg","contentUrl":"https:\/\/prix-tournesol-avignon.fr\/wp-content\/uploads\/2022\/06\/remise-des-prix-tournesol-2018-1024x768.jpg"},{"@type":"BreadcrumbList","@id":"https:\/\/prix-tournesol-avignon.fr\/?page_id=101#breadcrumb","itemListElement":[{"@type":"ListItem","position":1,"name":"Accueil","item":"https:\/\/prix-tournesol-avignon.fr\/"},{"@type":"ListItem","position":2,"name":"PT 2018"}]},{"@type":"WebSite","@id":"https:\/\/prix-tournesol-avignon.fr\/#website","url":"https:\/\/prix-tournesol-avignon.fr\/","name":"Prix Tournesol","description":"Les artistes sont des lanceurs d&#039;alerte presque comme les autres...","publisher":{"@id":"https:\/\/prix-tournesol-avignon.fr\/#organization"},"potentialAction":[{"@type":"SearchAction","target":{"@type":"EntryPoint","urlTemplate":"https:\/\/prix-tournesol-avignon.fr\/?s={search_term_string}"},"query-input":{"@type":"PropertyValueSpecification","valueRequired":true,"valueName":"search_term_string"}}],"inLanguage":"fr-FR"},{"@type":"Organization","@id":"https:\/\/prix-tournesol-avignon.fr\/#organization","name":"prix tournesol","url":"https:\/\/prix-tournesol-avignon.fr\/","logo":{"@type":"ImageObject","inLanguage":"fr-FR","@id":"https:\/\/prix-tournesol-avignon.fr\/#\/schema\/logo\/image\/","url":"https:\/\/prix-tournesol-avignon.fr\/wp-content\/uploads\/2022\/06\/LOGO-avec-blanc5-HOP-POUR-JL-edited.jpg","contentUrl":"https:\/\/prix-tournesol-avignon.fr\/wp-content\/uploads\/2022\/06\/LOGO-avec-blanc5-HOP-POUR-JL-edited.jpg","width":469,"height":646,"caption":"prix tournesol"},"image":{"@id":"https:\/\/prix-tournesol-avignon.fr\/#\/schema\/logo\/image\/"},"sameAs":["https:\/\/www.facebook.com\/groups\/133682346653453"]}]}},"jetpack_sharing_enabled":true,"_links":{"self":[{"href":"https:\/\/prix-tournesol-avignon.fr\/index.php?rest_route=\/wp\/v2\/pages\/101","targetHints":{"allow":["GET"]}}],"collection":[{"href":"https:\/\/prix-tournesol-avignon.fr\/index.php?rest_route=\/wp\/v2\/pages"}],"about":[{"href":"https:\/\/prix-tournesol-avignon.fr\/index.php?rest_route=\/wp\/v2\/types\/page"}],"author":[{"embeddable":true,"href":"https:\/\/prix-tournesol-avignon.fr\/index.php?rest_route=\/wp\/v2\/users\/3"}],"replies":[{"embeddable":true,"href":"https:\/\/prix-tournesol-avignon.fr\/index.php?rest_route=%2Fwp%2Fv2%2Fcomments&post=101"}],"version-history":[{"count":1,"href":"https:\/\/prix-tournesol-avignon.fr\/index.php?rest_route=\/wp\/v2\/pages\/101\/revisions"}],"predecessor-version":[{"id":103,"href":"https:\/\/prix-tournesol-avignon.fr\/index.php?rest_route=\/wp\/v2\/pages\/101\/revisions\/103"}],"wp:attachment":[{"href":"https:\/\/prix-tournesol-avignon.fr\/index.php?rest_route=%2Fwp%2Fv2%2Fmedia&parent=101"}],"curies":[{"name":"wp","href":"https:\/\/api.w.org\/{rel}","templated":true}]}}